 7. Let m be (-9)/6*(-1 - 5). What is the greatest common factor of x and m?
9
Suppose -32 = -3*r + 10. What is the highest common factor of r and 98?
14
Suppose k = 5 + 9. Calculate the highest common divisor of k and 2.
2
Suppose 0*v = -v + 32. Suppose h - 23 - 37 = 5*z, 2*h - 144 = 4*z. What is the highest common divisor of v and h?
16
Let p = -6 - 8. Let u = p + 27. Calculate the greatest common factor of 13 and u.
13
Let p(r) = -r**3 - r**2 - 5*r - 4. Let n be p(-3). Let j = n + -1. Let v be (1 - -43) + -2 + 0. Calculate the highest common factor of j and v.
14
Let m be 106/(-2) + 1 + -1. Let v = -25 - m. Let d(u) = -5*u**3 - 2*u**2 - 2*u - 1. Let p be d(-1). Calculate the greatest common divisor of v and p.
4
Suppose -5*o = -2*o - 18. What is the greatest common divisor of 30 and o?
6
Let u = -339 + 627. What is the greatest common factor of u and 32?
32
Let c = 2 + 1. Let l(o) = o + 3. Let x be l(c). Suppose 5*d = -4*j + 10, -5*j - 20 = -j. What is the greatest common factor of d and x?
6
Let o be 1169/9 + (-4)/(-36). What is the highest common factor of o and 52?
26
Let x be 55 - (-1 + 1)/(-2). What is the greatest common factor of 11 and x?
11
Let j(y) = -6*y + 2*y**2 + y**2 + 3 + 4*y. Let t be 2 - (2 + -5) - -1. Let q be j(t). What is the highest common divisor of 11 and q?
11
Let h(p) = 2*p**3 - 7*p**2 - 4*p**3 + 3*p**3 + 2*p + 4 - 2*p**2. Let o be h(9). Calculate the highest common divisor of 2 and o.
2
Let j be (0 - (-1)/3)*12. Suppose j*i = 17 + 27. What is the greatest common factor of i and 1?
1
Let j = 3 + 20. Calculate the greatest common factor of 184 and j.
23
Let z be 21 - 2 - 0 - -1. Suppose -2*x - 2*x = 0. Suppose x = w + 3*w - 80. Calculate the highest common divisor of z and w.
20
Suppose 0 = 3*h - 6*h + 9. Suppose -3*f = 2*x - 79, -4*x + 0*x = h*f - 149. Let o = 14 + -9. What is the highest common divisor of o and x?
5
Let s = 507 - 227. What is the greatest common divisor of s and 28?
28
Suppose -4*m + 48 = -304. Calculate the greatest common factor of 11 and m.
11
Let x = -367 + -683. Let q be (6/(-7))/(10/x). What is the highest common divisor of 10 and q?
10
Let i(g) = -g - 7. Let a be i(8). Let s be (3 - 0) + a/(-3). Let u be ((-10)/s)/((-3)/12). What is the highest common divisor of 50 and u?
5
Suppose 0 = -0*m + m - 1, -2*f + 2*m + 16 = 0. What is the highest common divisor of 9 and f?
9
Let x = 42 - 24. Let z = 14 + -8. What is the greatest common factor of z and x?
6
Let v be 3/9*(-114)/(-1). What is the greatest common factor of 57 and v?
19
Let m be (3 + 0)*(-20)/(-6). Calculate the highest common factor of 110 and m.
10
Suppose -18 = -2*c - 6. Let u = -8 + 11. Suppose u*p - 90 = -3*a, -2*p - 2*p + 120 = -2*a. Calculate the greatest common factor of c and p.
6
Let m(o) = o - 1. Let v be m(8). What is the highest common factor of v and 7?
7
Suppose -2*n + 0*n = -94. Let q(v) = -2*v**2 - v + 3. Let y be q(3). Let h = n - y. Calculate the highest common factor of 26 and h.
13
Let d = 8 - 8. Suppose d = -3*j + 82 + 83. Calculate the highest common divisor of j and 22.
11
Let k = 11 + -3. Calculate the greatest common factor of k and 88.
8
Suppose -6*j = -j - 225. Let q be ((-2)/3)/(4/(-18)). Suppose q*u = -2*m + 30, 5*u - 50 = -m - 21. What is the highest common factor of m and j?
9
Let b = 13 + -7. Let m be (13 - 3)/(4/b). Let g(f) = f**2 + f + 15. Let i be g(0). Calculate the highest common factor of i and m.
15
Let r = -7 - -13. Let p(o) = 7*o + 6. Let y be p(r). Calculate the highest common divisor of y and 6.
6
Suppose 0 = -2*p + 2 + 8. Suppose 2*x + x = 0. Let i = p - x. Calculate the greatest common factor of i and 10.
5
Let l(n) = -n - 3*n + 3*n. Let h be l(-3). Suppose -h*u = 2*u - 495. Calculate the greatest common factor of 11 and u.
11
Let s = 708 - 504. What is the highest common divisor of s and 24?
12
Let j(h) = h**2 - 2*h - 4. Let f be j(3). Let v be (-8)/8*7/f. What is the highest common divisor of v and 63?
7
Let j = -132 - -321. Calculate the greatest common divisor of 27 and j.
27
Suppose 4*v - 25 = -v, 3*v = -5*c + 120. Calculate the highest common divisor of 147 and c.
21
Let x(v) = -v**2 + 16*v - 24. Let t be x(12). What is the greatest common divisor of t and 3?
3
Suppose 0 = -x + 5*y + 7, 35 = 5*x - 6*y + 9*y. Calculate the greatest common divisor of 42 and x.
7
Let p = 377 + -260. Suppose -5*j = -78 + 13. What is the greatest common factor of j and p?
13
Let m be (32/(-3))/(16/(-24)). What is the greatest common factor of m and 2?
2
Let u = 251 - 153. What is the greatest common factor of 14 and u?
14
Let w = 5 + -5. Suppose w = -r - 4*r + 15. Suppose 4*o - 57 = r. Calculate the highest common factor of o and 10.
5
Let x be 1/(-2) + (-12)/(-8). Let r be (-2)/x + -1 + 68. Suppose r - 425 = -3*j. Calculate the highest common factor of 15 and j.
15
Let n(v) = -v - 1. Let s be n(-3). Suppose k = 3*m + s*k - 35, 55 = 5*m + 5*k. Calculate the greatest common factor of 36 and m.
12
Suppose 2*i - 4*i = 0. Suppose -5*o + 83 + 92 = i. What is the highest common factor of 7 and o?
7
Let a(x) = -x**2 - 5*x + 1. Let g be a(-4). Suppose 2 = g*z - 33. What is the greatest common divisor of z and 1?
1
Let s = -177 - 77. Let v be -2 - (s - (-3 + -1)). Calculate the greatest common divisor of 31 and v.
31
Let m(f) = f**2 - 12*f + 12. Let a be m(11). What is the greatest common divisor of 9 and a?
1
Let i = 2 + 0. Let x be 1/(i/(-6))*-1. Calculate the highest common divisor of 3 and x.
3
Let m = 48 - 8. Let p = -16 - -36. What is the greatest common factor of p and m?
20
Suppose -a = 2*p - 6, 4 = 3*p + 2*a - 5. Let t be 211/p - 1/3. Let q = 17 + 11. Calculate the highest common divisor of q and t.
14
Let o be 1 + (2 - 4) + 46. Let w = -16 - -19. Suppose 2*p - w*z + 7 = 4*p, 2*p - 11 = z. Calculate the highest common divisor of o and p.
5
Let s be ((-522)/27)/(2/3). Let j = -20 - s. Suppose 2*a - 155 = -4*r - 3*a, 0 = 4*r + 4*a - 160. What is the greatest common factor of r and j?
9
Suppose 20 = 2*i - v, 2*i + v - 7 = 13. Calculate the greatest common factor of 2 and i.
2
Suppose -5 = -i, -3*i = 3*z - 8*i - 101. What is the greatest common factor of z and 63?
21
Let j = 10 - -9. What is the highest common divisor of j and 209?
19
Let x(t) = t**2 - 5*t - 2. Let m be x(6). Suppose 0 = -4*q + 3*n + 20, -q + 12 = 2*q - 3*n. Calculate the highest common divisor of q and m.
4
Suppose -702 = -4*t + 46. What is the greatest common factor of 17 and t?
17
Let c = 8 - 4. Suppose c*q = -3*w + 234 - 22, -246 = -5*q + w. What is the highest common divisor of q and 5?
5
Let c be 26 - 3*(-4)/6. What is the highest common divisor of 84 and c?
28
Suppose -9 = -r + 2*d, -4*r + 4*d + 0*d = -32. Let o = 47 + -33. Calculate the highest common factor of r and o.
7
Let z be 32/3*21 - 4. Let i = 2 + -2. Suppose c - 17 - 5 = i. Calculate the highest common divisor of c and z.
22
Let q = -2 - -5. Let p(g) = -5*g - 1. Let t be p(-1). Let n be (-24)/(-14) + t/14. What is the greatest common divisor of n and q?
1
Let q be 0 + 3 + 29 + 12. What is the highest common factor of 22 and q?
22
Let x = -171 - -227. Calculate the highest common factor of x and 14.
14
Let p(v) = -v**2 + 4*v + 2. Let h = 7 - 2. Let g = 9 - h. Let x be p(g). What is the highest common divisor of x and 8?
2
Suppose -3*k = 3 - 30. What is the highest common divisor of 81 and k?
9
Suppose 0 = 30*k - 27*k - 99. Calculate the greatest common divisor of 44 and k.
11
Let d be 1 + (-5)/((-15)/9). Suppose -5*c + d = -4*x - 3, x - 5*c + 13 = 0. Calculate the highest common divisor of 3 and x.
1
Let h(v) = -10*v - 50. Let o be h(-6). What is the greatest common divisor of o and 130?
10
Let y(r) be the first derivative of 5*r**2 - 2*r + 2. Let c be y(2). Calculate the greatest common divisor of c and 45.
9
Let i(t) = -t**2 - t**2 + 3*t + 5*t**2 - 4 - 2*t**2. Let k = 3 - -1. Let g be i(k). What is the highest common factor of g and 3?
3
Let c be (-573)/(-27) - 6/27. Let j(a) = -a**3 + 6*a**2 - 3*a + 4. Let d be j(5). What is the highest common divisor of c and d?
7
Suppose 0 = -2*u + 7*u + q - 153, -5*q - 135 = -5*u. Calculate the highest common factor of 75 and u.
15
Let d be (70/14)/(2/10). Suppose f = 11 + d. What is the greatest common factor of f and 18?
18
Suppose